{"id":42,"date":"2020-05-06T17:01:07","date_gmt":"2020-05-06T15:01:07","guid":{"rendered":"https:\/\/wettich-hauser.de\/?page_id=42"},"modified":"2023-10-31T19:54:00","modified_gmt":"2023-10-31T18:54:00","slug":"supervision-und-coaching","status":"publish","type":"page","link":"https:\/\/wettich-hauser.de\/index.php\/leistungen\/supervision-und-coaching\/","title":{"rendered":"Supervision"},"content":{"rendered":"\n<div class=\"wp-block-image\"><figure class=\"alignright size-large is-resized\"><img loading=\"lazy\" decoding=\"async\" src=\"https:\/\/wettich-hauser.de\/wp-content\/uploads\/2020\/05\/2019Supervision-e1588776499446.jpg\" alt=\"\" class=\"wp-image-46\" width=\"350\" height=\"524\" srcset=\"https:\/\/wettich-hauser.de\/wp-content\/uploads\/2020\/05\/2019Supervision-e1588776499446.jpg 380w, https:\/\/wettich-hauser.de\/wp-content\/uploads\/2020\/05\/2019Supervision-e1588776499446-200x300.jpg 200w\" sizes=\"auto, (max-width: 350px) 100vw, 350px\" \/><\/figure><\/div>\n\n\n\n<blockquote class=\"wp-block-quote is-layout-flow wp-block-quote-is-layout-flow\"><p><em>Das Geheimnis des Weges ist es, den Standpunkt des Anderen zu verstehen. Henry Ford<\/em><\/p><\/blockquote>\n\n\n\n<p>Supervision ist ein professionelles Angebot der beruflichen Qualifizierung und pers\u00f6nlichen Entwicklung. Ziel ist das berufliche Handeln zu reflektieren, die Arbeitseffektivit\u00e4t zu erh\u00f6hen, zufrieden stellende Teambeziehungen zu erm\u00f6glichen und die Stimmigkeit der Pers\u00f6nlichkeit mit der beruflichen Arbeit zu f\u00f6rdern.<\/p>\n\n\n\n<p>Supervision hilft, neue Sichtweisen und Ideen zu entwickeln. Eingefahrene Wege, die den beruflichen Alltag blockieren, k\u00f6nnen so verlassen werden; neue Handlungsoptionen entstehen. Es besteht die Chance der emotionalen Entlastung f\u00fcr die Beteiligten und die Verbesserung der Arbeitszufriedenheit.<\/p>\n\n\n\n<p>Supervision ist hilfreich bei der Schaffung neuer Perspektiven und Ideen. Berufliche Fragestellungen in Kommunikation und Beziehungen kl\u00e4ren und optimieren.<\/p>\n\n\n\n<p>Einflussfaktoren werden dabei personenabh\u00e4ngig, situativ, systemisch, institutional und l\u00f6sungsorientiert analysiert, transparent und bewusst gemacht.<\/p>\n\n\n\n<p>Ziel des Prozesses ist es, Ver\u00e4nderungen zu erm\u00f6glichen. Die pers\u00f6nliche, emotionale, soziale und fachliche Kompetenz der Teilnehmer wird gest\u00e4rkt.<\/p>\n\n\n\n<p>Ich habe dabei die Rolle des Feedback-Gebers, Katalysators, Moderators &amp; Beraterin.<\/p>\n\n\n\n<p><a href=\"https:\/\/wettich-hauser.de\/wp-content\/uploads\/2023\/10\/Flyer-gruen-SL-mit-Inlayer.pdf\" data-type=\"URL\" data-id=\"https:\/\/wettich-hauser.de\/wp-content\/uploads\/2023\/10\/Flyer-gruen-SL-mit-Inlayer.pdf\" target=\"_blank\" rel=\"noreferrer noopener\">Flyer<\/a><\/p>\n","protected":false},"excerpt":{"rendered":"<p>Das Geheimnis des Weges ist es, den Standpunkt des Anderen zu verstehen. Henry Ford Supervision ist ein professionelles Angebot der beruflichen Qualifizierung und pers\u00f6nlichen Entwicklung. Ziel ist das berufliche Handeln zu reflektieren, die Arbeitseffektivit\u00e4t zu erh\u00f6hen, zufrieden stellende Teambeziehungen zu erm\u00f6glichen und die Stimmigkeit der Pers\u00f6nlichkeit mit der beruflichen Arbeit zu f\u00f6rdern. Supervision hilft, neue [&hellip;]<\/p>\n","protected":false},"author":2,"featured_media":0,"parent":39,"menu_order":0,"comment_status":"closed","ping_status":"closed","template":"","meta":{"footnotes":""},"class_list":["post-42","page","type-page","status-publish","hentry"],"_links":{"self":[{"href":"https:\/\/wettich-hauser.de\/index.php\/wp-json\/wp\/v2\/pages\/42","targetHints":{"allow":["GET"]}}],"collection":[{"href":"https:\/\/wettich-hauser.de\/index.php\/wp-json\/wp\/v2\/pages"}],"about":[{"href":"https:\/\/wettich-hauser.de\/index.php\/wp-json\/wp\/v2\/types\/page"}],"author":[{"embeddable":true,"href":"https:\/\/wettich-hauser.de\/index.php\/wp-json\/wp\/v2\/users\/2"}],"replies":[{"embeddable":true,"href":"https:\/\/wettich-hauser.de\/index.php\/wp-json\/wp\/v2\/comments?post=42"}],"version-history":[{"count":12,"href":"https:\/\/wettich-hauser.de\/index.php\/wp-json\/wp\/v2\/pages\/42\/revisions"}],"predecessor-version":[{"id":299,"href":"https:\/\/wettich-hauser.de\/index.php\/wp-json\/wp\/v2\/pages\/42\/revisions\/299"}],"up":[{"embeddable":true,"href":"https:\/\/wettich-hauser.de\/index.php\/wp-json\/wp\/v2\/pages\/39"}],"wp:attachment":[{"href":"https:\/\/wettich-hauser.de\/index.php\/wp-json\/wp\/v2\/media?parent=42"}],"curies":[{"name":"wp","href":"https:\/\/api.w.org\/{rel}","templated":true}]}}