{"id":155,"date":"2020-05-06T21:41:00","date_gmt":"2020-05-06T19:41:00","guid":{"rendered":"https:\/\/wettich-hauser.de\/?page_id=155"},"modified":"2023-08-07T13:36:52","modified_gmt":"2023-08-07T11:36:52","slug":"netzwerk","status":"publish","type":"page","link":"https:\/\/wettich-hauser.de\/index.php\/netzwerk\/","title":{"rendered":"Netzwerk"},"content":{"rendered":"\n<div class=\"wp-block-image\"><figure class=\"alignright size-large is-resized\"><a href=\"https:\/\/forschungsnetzwerk-gesundheit.hwg-lu.de\/\" target=\"_blank\" rel=\"noopener\"><img loading=\"lazy\" decoding=\"async\" src=\"https:\/\/wettich-hauser.de\/wp-content\/uploads\/2023\/08\/HSL-Logo_FNG_GER_RGB_transparent-1024x308.png\" alt=\"\" class=\"wp-image-281\" width=\"302\" height=\"90\" srcset=\"https:\/\/wettich-hauser.de\/wp-content\/uploads\/2023\/08\/HSL-Logo_FNG_GER_RGB_transparent-1024x308.png 1024w, https:\/\/wettich-hauser.de\/wp-content\/uploads\/2023\/08\/HSL-Logo_FNG_GER_RGB_transparent-300x90.png 300w, https:\/\/wettich-hauser.de\/wp-content\/uploads\/2023\/08\/HSL-Logo_FNG_GER_RGB_transparent-768x231.png 768w, https:\/\/wettich-hauser.de\/wp-content\/uploads\/2023\/08\/HSL-Logo_FNG_GER_RGB_transparent.png 1050w\" sizes=\"auto, (max-width: 302px) 100vw, 302px\" \/><\/a><\/figure><\/div>\n\n\n\n<p>Ich teile die Vision des Forschungsnetzwerkes Gesundheit der Hochschule f\u00fcr Wirtschaft und Gesellschaft Ludwigshafen:\u00a0<em>Zusammenarbeit von Wissenschaft und Praxis zum Nutzen der Menschen<\/em>. Ich habe bereits an mehreren Projekten teilgenommen und bin mit dem Team bestens vernetzt.<\/p>\n\n\n\n<div style=\"height:45px\" aria-hidden=\"true\" class=\"wp-block-spacer\"><\/div>\n\n\n\n<div class=\"wp-block-image\"><figure class=\"alignleft size-large\"><a href=\"http:\/\/ilbs.de\/index.html\" target=\"_blank\" rel=\"noopener noreferrer\"><img loading=\"lazy\" decoding=\"async\" width=\"150\" height=\"75\" src=\"https:\/\/wettich-hauser.de\/wp-content\/uploads\/2020\/05\/ilbs.png\" alt=\"\" class=\"wp-image-159\"\/><\/a><\/figure><\/div>\n\n\n\n<p>Eine systemisch l\u00f6sungsorientierte Weltanschauung ist mir wichtig: Daher habe ich 2019-2021 das Kontaktstudium L\u00f6sungsorientierte Beratung und Supervision in p\u00e4dagogischen Handlungsfeldern hier absolviert und bin bei der Systemischen Gesellschaft zertifiziert als &#8222;Systemische Beraterin&#8220;.<\/p>\n\n\n\n<div style=\"height:45px\" aria-hidden=\"true\" class=\"wp-block-spacer\"><\/div>\n\n\n\n<div class=\"wp-block-image\"><figure class=\"alignright size-large\"><a href=\"http:\/\/www.dbfk.de\/\" target=\"_blank\" rel=\"noopener noreferrer\"><img loading=\"lazy\" decoding=\"async\" width=\"431\" height=\"69\" src=\"https:\/\/wettich-hauser.de\/wp-content\/uploads\/2020\/05\/dbfk.png\" alt=\"\" class=\"wp-image-157\" srcset=\"https:\/\/wettich-hauser.de\/wp-content\/uploads\/2020\/05\/dbfk.png 431w, https:\/\/wettich-hauser.de\/wp-content\/uploads\/2020\/05\/dbfk-300x48.png 300w\" sizes=\"auto, (max-width: 431px) 100vw, 431px\" \/><\/a><\/figure><\/div>\n\n\n\n<p>Hohe Fachkompetenz, Zugewandtheit, Solidarit\u00e4t und F\u00fcrsorge zeichnen die Pflegeberufe aus. Das Bewusstsein daf\u00fcr ist in der Gesellschaft und Politik jedoch nicht zufriedenstellend vorhanden. Ich bin daher langj\u00e4hriges \u00fcberzeugtes und engagiertes Mitglied im DBfK.<\/p>\n\n\n\n<div style=\"height:45px\" aria-hidden=\"true\" class=\"wp-block-spacer\"><\/div>\n\n\n\n<div class=\"wp-block-image\"><figure class=\"alignleft size-large\"><a href=\"http:\/\/www.regbp.de\/\" target=\"_blank\" rel=\"noopener noreferrer\"><img loading=\"lazy\" decoding=\"async\" width=\"210\" height=\"77\" src=\"https:\/\/wettich-hauser.de\/wp-content\/uploads\/2020\/05\/rbp.png\" alt=\"\" class=\"wp-image-160\"\/><\/a><\/figure><\/div>\n\n\n\n<p>Noch immer k\u00e4mpft meine Berufsgruppe f\u00fcr eine fl\u00e4chendeckende Organisation in einer Kammer. Ich weise bereits seit 2005 freiwillig meine Fortbildungsaktivit\u00e4ten nach. Dar\u00fcber hinaus sind meine Angebote an meine Berufsgruppe hier zertifiziert.<\/p>\n\n\n\n<div style=\"height:45px\" aria-hidden=\"true\" class=\"wp-block-spacer\"><\/div>\n\n\n\n<div class=\"wp-block-image\"><figure class=\"alignright size-large\"><a href=\"https:\/\/www.klinikum.uni-heidelberg.de\/\" target=\"_blank\" rel=\"noopener noreferrer\"><img loading=\"lazy\" decoding=\"async\" width=\"128\" height=\"128\" src=\"https:\/\/wettich-hauser.de\/wp-content\/uploads\/2020\/05\/ukhd.png\" alt=\"\" class=\"wp-image-162\"\/><\/a><\/figure><\/div>\n\n\n\n<p>Mein Arbeitgeber seit 1995: Hier arbeite ich seit vielen Jahren erfolgreich im Projektmanagement, in der Gesundheitsf\u00f6rderung und in der Qualit\u00e4tsentwicklung.<\/p>\n\n\n\n<div style=\"height:45px\" aria-hidden=\"true\" class=\"wp-block-spacer\"><\/div>\n\n\n\n<div class=\"wp-block-image\"><figure class=\"alignleft size-large is-resized\"><a href=\"http:\/\/www.heike-theresa-terjung.de\/\" target=\"_blank\" rel=\"noopener noreferrer\"><img loading=\"lazy\" decoding=\"async\" src=\"https:\/\/wettich-hauser.de\/wp-content\/uploads\/2020\/05\/terjung.png\" alt=\"\" class=\"wp-image-161\" width=\"296\" height=\"84\" srcset=\"https:\/\/wettich-hauser.de\/wp-content\/uploads\/2020\/05\/terjung.png 415w, https:\/\/wettich-hauser.de\/wp-content\/uploads\/2020\/05\/terjung-300x85.png 300w\" sizes=\"auto, (max-width: 296px) 100vw, 296px\" \/><\/a><\/figure><\/div>\n\n\n\n<p>Meine Stimme ist ein wichtiges Arbeitsinstrument. Damit meine Stimme auch nach einem ganzt\u00e4gigen Seminar noch klar und ausdrucksvoll klingt, trainiere ich regelm\u00e4\u00dfig mit meiner Lehrerin. Besonders im Online-Setting tr\u00e4gt der professionelle und bewusste Einsatz der Stimme zur Beziehungsgestaltung bei!<\/p>\n\n\n\n<div style=\"height:45px\" aria-hidden=\"true\" class=\"wp-block-spacer\"><\/div>\n\n\n\n<div class=\"wp-block-image\"><figure class=\"alignright size-large\"><a href=\"http:\/\/www.arche-neckargemuend.de\/\" target=\"_blank\" rel=\"noopener noreferrer\"><img loading=\"lazy\" decoding=\"async\" width=\"110\" height=\"128\" src=\"https:\/\/wettich-hauser.de\/wp-content\/uploads\/2020\/05\/arche.png\" alt=\"\" class=\"wp-image-156\"\/><\/a><\/figure><\/div>\n\n\n\n<p>Eine christliche Lebenseinstellung ist mir seit meiner Kindheit wichtig. Ich engagiere mich daher mit meinen Gaben, Talenten und Vorlieben gern ehrenamtlich im Arche-Chor und im \u00f6kumenischen Rat.<\/p>\n","protected":false},"excerpt":{"rendered":"<p>Ich teile die Vision des Forschungsnetzwerkes Gesundheit der Hochschule f\u00fcr Wirtschaft und Gesellschaft Ludwigshafen:\u00a0Zusammenarbeit von Wissenschaft und Praxis zum Nutzen der Menschen. Ich habe bereits an mehreren Projekten teilgenommen und bin mit dem Team bestens vernetzt. Eine systemisch l\u00f6sungsorientierte Weltanschauung ist mir wichtig: Daher habe ich 2019-2021 das Kontaktstudium L\u00f6sungsorientierte Beratung und Supervision in p\u00e4dagogischen [&hellip;]<\/p>\n","protected":false},"author":1,"featured_media":0,"parent":0,"menu_order":0,"comment_status":"closed","ping_status":"closed","template":"","meta":{"footnotes":""},"class_list":["post-155","page","type-page","status-publish","hentry"],"_links":{"self":[{"href":"https:\/\/wettich-hauser.de\/index.php\/wp-json\/wp\/v2\/pages\/155","targetHints":{"allow":["GET"]}}],"collection":[{"href":"https:\/\/wettich-hauser.de\/index.php\/wp-json\/wp\/v2\/pages"}],"about":[{"href":"https:\/\/wettich-hauser.de\/index.php\/wp-json\/wp\/v2\/types\/page"}],"author":[{"embeddable":true,"href":"https:\/\/wettich-hauser.de\/index.php\/wp-json\/wp\/v2\/users\/1"}],"replies":[{"embeddable":true,"href":"https:\/\/wettich-hauser.de\/index.php\/wp-json\/wp\/v2\/comments?post=155"}],"version-history":[{"count":17,"href":"https:\/\/wettich-hauser.de\/index.php\/wp-json\/wp\/v2\/pages\/155\/revisions"}],"predecessor-version":[{"id":289,"href":"https:\/\/wettich-hauser.de\/index.php\/wp-json\/wp\/v2\/pages\/155\/revisions\/289"}],"wp:attachment":[{"href":"https:\/\/wettich-hauser.de\/index.php\/wp-json\/wp\/v2\/media?parent=155"}],"curies":[{"name":"wp","href":"https:\/\/api.w.org\/{rel}","templated":true}]}}